106, 3 = -q. Let r = -16 - s. Calculate the highest common factor of 7 and r.
7
Let f(z) = 35*z**2 + 5*z. Let d be f(4). Suppose 2*c - 334 = 5*g, -4*g + d = 5*c - 222. Calculate the highest common factor of 18 and c.
18
Let r(t) = t**2 + 5*t - 16. Let d be r(9). What is the greatest common divisor of d and 165?
55
Let v(c) = -c**2 - 12*c - 1. Let n be v(-8). Let m = n - -35. Suppose 3*x = -2*y + 22, 27 - 5 = 2*y - 2*x. Calculate the greatest common factor of y and m.
11
Let q = 21 - 14. Suppose 5*s - 255 = -5*k, -5*s + k + 210 = -33. Calculate the highest common factor of s and q.
7
Suppose 5*z - 25 = 25. Let u(y) = 1 + 2 - y**2 - y + z*y**2. Let q be u(3). What is the greatest common factor of q and 9?
9
Suppose -4*k + 6 = -34. Suppose -q = -2*w - 6*q + 4, 5*w + 4*q - 10 = 0. Let l be w*2/4 + 14. Calculate the greatest common factor of l and k.
5
Let h be 10 + (16/(-4) - -4)/(-2). Calculate the greatest common divisor of 70 and h.
10
Let t = -6 + 9. Suppose t*w = 2*w + 9. Suppose 3*n - 11 = 6*n + 5*a, a = 3*n - 13. Calculate the greatest common divisor of n and w.
3
Let t be (-171)/6*(-4)/3. Suppose 0*n = -2*n + t. Calculate the highest common divisor of 133 and n.
19
Let q(k) = -k**2 - 12*k + 28. Let p be q(-12). Calculate the highest common factor of p and 14.
14
Suppose 0 = h + 4*s - 58, -3*h + 4*h - 5*s = 22. Let q = -7 + h. What is the highest common factor of 5 and q?
5
Suppose -x + 11 = 27. Let l be ((-18)/(-8))/((-6)/x). Let g = -6 - -8. What is the greatest common divisor of g and l?
2
Suppose 446 = l - 49. What is the highest common divisor of 45 and l?
45
Suppose 6*d + 38 = 10*d - 2*y, -4*y = -5*d + 52. What is the greatest common divisor of 152 and d?
8
Let m(t) = t**2 + 6*t + 1. Let g be m(-3). Let b be (-2)/g - (-119)/(-28). Let h be (-726)/(-8) + (-1)/b. Calculate the highest common factor of h and 13.
13
Let d(s) = -2*s + 6*s**2 + 3 - 10*s**3 - 6*s**2 - s**2. Let x be d(-3). Calculate the highest common divisor of x and 27.
27
Let m be (127 - (-3)/3) + (2 - 4). What is the highest common factor of m and 18?
18
Suppose -4*z - 5 = z, 0 = -r - 3*z - 1. Suppose -u = -4*c + u + 308, -2*u + 4 = 0. Suppose r*y - c = -y. What is the greatest common divisor of y and 39?
13
Let t(r) = -r**3 - 12*r**2 + 12*r - 4. Let s be (26/(-3))/((-4)/(-6)). Let u be t(s). What is the highest common factor of 18 and u?
9
Let a be 2*(-2)/4*-20. Let o be 1*(-3 - -3) - -3. Suppose -2*z = -o*k - 31, -5*z + 38 = k + 3. Calculate the greatest common factor of a and z.
4
Let w(f) = -f**3 + 15*f**2 - f + 34. Let b be w(15). Calculate the highest common factor of 19 and b.
19
Let u be (-214)/(-10) + (-22)/55. Calculate the highest common factor of 7 and u.
7
Let t(g) = 100*g - 2. Let w be t(2). Let s(n) = -n**3 + 10*n**2 + 15*n - 26. Let p be s(11). What is the greatest common factor of p and w?
18
Suppose p = -p + 20. Let u(b) = b - 22*b + 2*b**2 - 1 - 7 - 3*b**2. Let d be u(-9). What is the highest common divisor of p and d?
10
Suppose 0 = -5*r + 77 - 27. What is the greatest common factor of 4 and r?
2
Let c(m) = -2*m + 4. Let o be c(3). Let d be (-1)/o*(-14 - 2). Let p(x) = -4*x - 12. Let j be p(d). What is the greatest common factor of 160 and j?
20
Let g = -18 - -34. What is the greatest common divisor of 40 and g?
8
Let a be 5/((-10)/(-518)) - -2. What is the greatest common factor of 29 and a?
29
Let o be 29 + 6 + (-2 - 1). Suppose 5*f = 4 - 14. Let u be 46 + (-1 - f) + 1. Calculate the greatest common divisor of u and o.
16
Suppose 4*z + 2*m + 3*m - 4 = 0, -5*z = -5*m - 50. Let j(k) = k**2 + 7*k - 14. Let n be j(-11). What is the highest common factor of z and n?
6
Let g = 12 - 9. Let x be (-9 - -6)*(-7)/g. Suppose 2*s - 82 = 16. Calculate the greatest common factor of s and x.
7
Let w = 19 - -4. Calculate the highest common factor of 253 and w.
23
Let a be 2/6*(0 + 213). Suppose -3*k - 4*w + 360 = 0, 4*k + 241 = 6*k + 3*w. Let f = k + a. What is the greatest common factor of f and 17?
17
Suppose 3*g = 2*s - 141, 3*g - 30 + 159 = -2*s. Let p = -18 - g. Let l be (-6)/(-4)*(-48)/(-4). Calculate the highest common divisor of p and l.
9
Let d be (-4)/(-24) + (-1846)/(-12). Suppose p - 8 = -2*j, 0 = 3*j - 0*p - 2*p + 2. Suppose 0 = w - j*w + 14. Calculate the greatest common divisor of d and w.
14
Suppose 126 = 3*b + 6. What is the highest common factor of 5 and b?
5
Let q = 50 - -10. What is the highest common factor of 48 and q?
12
Let q(v) = -v**2 - 9*v - 2. Let k be q(-4). What is the greatest common factor of k and 18?
18
Let q(o) be the second derivative of -o**3/6 + 3*o**2/2 - o. Let b be q(5). Let p(m) = -m + 1. Let k be p(b). Calculate the greatest common factor of 33 and k.
3
Let s = 3 + -1. Let c = 15 + -16. Let h = s - c. Calculate the greatest common factor of h and 6.
3
Let q be (-55)/2*60/(-75). Calculate the greatest common factor of 77 and q.
11
Let t(d) = -26*d - 20. Let p be t(-16). Calculate the highest common divisor of p and 36.
36
Suppose -2*z + 51 = -39. Calculate the highest common divisor of 9 and z.
9
Suppose -8 = -x - 4*z + 40, x + 2*z - 38 = 0. Let w = -60 + 102. Calculate the highest common factor of x and w.
14
Let j be 210/24 + (-1)/(-4). What is the greatest common divisor of j and 63?
9
Let d = -20 + 29. Let y be (66/18 - 4)/(2/(-54)). Calculate the greatest common factor of d and y.
9
Suppose 3*h - 2*h - 9 = 0. Let r = 64 + -55. Calculate the highest common divisor of r and h.
9
Suppose 4*t = -16, 3*u - 4*t = 100 + 72. What is the highest common factor of 130 and u?
26
Let f(l) = -20*l - 2. Let s(g) = -g - 1. Let t(b) = -f(b) + 4*s(b). Let a be t(2). Calculate the greatest common divisor of 20 and a.
10
Let d(t) = -46*t - 8. Let j be d(-2). Calculate the highest common divisor of j and 14.
14
Let u = 175 - 112. Calculate the highest common factor of u and 21.
21
Suppose 4*l - 60 = l. Let v be l/4 + 0 - 0. What is the highest common divisor of v and 5?
5
Let q(g) = g + 7. Let u be (-2 - 4)/((-6)/(-4)). Let f be q(u). Suppose 3*r + 5*v = 4*v + 14, -f*v = 3. Calculate the highest common divisor of r and 2.
1
Let s be (-2)/(-13) + (-2139)/(-39). Suppose z + 16 = -3*z, 5*y = 4*z + 41. Calculate the greatest common divisor of y and s.
5
Let n(z) = z**2 + 2. Let g be n(-2). Suppose -g*f + f = 4*d - 232, -2*f - 5*d = -86. What is the highest common factor of 6 and f?
6
Let j = -13 - -19. Calculate the highest common factor of 15 and j.
3
Let k be 75/27 - 2/(-9). Suppose 2*l + 0*l - k*n - 2 = 0, 3*l - 10 = n. Calculate the highest common divisor of 10 and l.
2
Let c(g) = -g**3 - 12*g**2 - 4*g - 27. Let p be c(-12). What is the highest common factor of 28 and p?
7
Let u be 246/22 + (-2)/11. Let r be (-3 - -1)*33/(-6). Suppose 0 = -2*z + d + 162 + r, -z + 94 = 2*d. What is the greatest common divisor of z and u?
11
Let x(m) = m + 11. Suppose 2*z + 3*f + f = 0, 3*z - 6 = -4*f. Let g be x(z). Calculate the greatest common factor of 136 and g.
17
Suppose 5*f - 100 + 30 = 0. Let q be f + -2 + 0 + 3. Suppose x - 20 = q. What is the highest common factor of x and 5?
5
Let d = 3 + -3. Let a = 0 - d. Let w be (a + 22/8)*44. What is the greatest common divisor of w and 11?
11
Let m = 135 + -121. Calculate the greatest common factor of 28 and m.
14
Suppose 36 = -3*r - 0*r. Let h = r + 22. Let m(q) = -5*q. Let o be m(-2). Calculate the greatest common divisor of o and h.
10
Let u(s) = -s + 4. Let l be u(-19). Calculate the highest common divisor of 299 and l.
23
Let j be (-7)/(((-7)/15)/7). Let l be 7/(j/(-54))*-40. Let z(d) = d**3 + 7*d**2 + 2*d - 6. Let p be z(-6). Calculate the highest common divisor of l and p.
18
Suppose 57 = 5*u - v - 2, u + 3*v + 1 = 0. Let b = 610 + 141. Suppose b - 144 = 5*f - r, -4*f - 3*r + 478 = 0. Calculate the highest common factor of f and u.
11
Let d = 27 - 10. What is the highest common factor of d and 187?
17
Let s(f) be the first derivative of -f**3/3 - 6*f**2 - 5*f - 10. Let k be s(-11). Let d = -24 - -72. What is the greatest common factor of d and k?
6
Suppose 0 = -q - 4*t, -4*q - 4*t - 24 = -0*q. Let i(a) = -a**3 - 7*a**2 - 2*a - 5. Let x be i(q). What is the greatest common factor of 15 and x?
15
Suppose 3*r + 51 = 6*r. Let k be -3*(-3)/18*0. Suppose k = -5*n + 242 + 183. Calculate the greatest com